 -f - 3*f - s*g + 62 = 0, 4*g + 4 = 0. What are the prime factors of f?
2
Let u(f) = -f**3 - 39*f**2 - 82*f - 25. List the prime factors of u(-38).
3, 61
Let r(j) = 3*j**2. Suppose 14 + 4 = 3*q. List the prime factors of r(q).
2, 3
Let g be (-4)/2 - 26*-4. Suppose -2*a - 3*n + 172 = 3*a, 3*a + 3*n - g = 0. Suppose 4*h = q - 17, 4*q = 2*h + 3*h + a. List the prime factors of q.
5
Suppose -3*r - v - 678 + 2340 = 0, 0 = 3*r + 3*v - 1668. List the prime factors of r.
7, 79
List the prime factors of (-3339)/(-105)*(18 - -2).
2, 3, 53
Suppose 15*q - 2*y + 1052 = 16*q, -4*q + 4182 = -5*y. What are the prime factors of q?
2, 131
Let r(h) = 38 + 0*h + h - h**2 + 17. What are the prime factors of r(0)?
5, 11
Let s(a) = 7*a**2 - 20*a + 74. List the prime factors of s(8).
2, 181
Let x(q) = 7*q**2 - 2. Let j = 11 + -9. What are the prime factors of x(j)?
2, 13
Let c(a) = -183*a**3 - 3*a**2 - 7*a - 3. List the prime factors of c(-1).
2, 23
Let n(j) = 6*j**2 - 3*j**2 - 3*j - j**3 - 5*j + 6 + 4*j**2. List the prime factors of n(4).
2, 11
Let l = 1855 + 2150. What are the prime factors of l?
3, 5, 89
Suppose 1816 = 10*k + 306. Let o = k - 46. What are the prime factors of o?
3, 5, 7
Suppose 4*p - 2580 = -8*p. Let u = p - 83. List the prime factors of u.
2, 3, 11
Suppose -3*d + 222 - 1920 = -4*w, 2*w + 3*d = 858. Suppose -2*j + 180 = 4*p, 2*p = -5*j - 0*p + w. List the prime factors of j.
2, 3, 7
Let x(z) = -48*z**3 - 3*z - 2. Let o be x(-2). Suppose 9*b - o = 143. List the prime factors of b.
59
Let o(z) = -z**2 + 16*z - 3. Let b be o(13). List the prime factors of 62*(b/8 - 4).
31
Let v = 39 - 25. Let k = -11 + v. List the prime factors of k.
3
Suppose -19008 = 5*g - 23*g. List the prime factors of g.
2, 3, 11
Let g(y) be the third derivative of -y**6/120 - 3*y**5/20 - 11*y**4/24 - 2*y**3 - y**2. Let h be (-4)/((-7)/2 + 4). What are the prime factors of g(h)?
2, 3
Let f be (-7)/(-1 - (-4)/5). Suppose -4*w + f = -9. Let y = -5 + w. List the prime factors of y.
2, 3
Let l(n) = 2*n + 6. Let d be l(3). Let x be 1/6 + 118/d. List the prime factors of 30*(65/x + -4).
3, 5
Suppose -3950 = -20*p + 3370. List the prime factors of p.
2, 3, 61
Let g be (6/4)/(42/(-1120)). Let i be 26/10 - 16/g. List the prime factors of (1 - (-3 - -4)) + i.
3
Let r(d) = 29*d + 118. What are the prime factors of r(19)?
3, 223
Suppose 2*n - 40 = 3*z + z, -40 = -2*n - 5*z. Suppose 4*s = -2*h + 16 - 38, 0 = -5*h + 4*s - 83. What are the prime factors of (-184)/n*h/6?
23
Suppose -5*u + g = -25376, -2*u - 3*g + 7004 = -3143. What are the prime factors of u?
5, 7, 29
Suppose -2 = 4*j - 10. Suppose -q + 159 = 2*t + 2*q, -306 = -4*t - j*q. Suppose t = -0*m + 3*m. List the prime factors of m.
5
Suppose -3*u + 493 = 2*j - 840, -u = -j + 659. List the prime factors of j.
2, 331
Let c = 793 - 892. Suppose 73 = 4*p + s + 243, 0 = 2*p + 3*s + 80. Let n = p - c. List the prime factors of n.
2, 7
Suppose 3*y = -b + 2446, -4*b + 4487 + 5297 = 3*y. List the prime factors of b.
2, 1223
Let w(m) = -7*m - 9. Let b(y) = -4*y - 4. Let s(t) = 5*b(t) - 3*w(t). Let j be s(-4). Suppose -2*n + 120 = j*n. What are the prime factors of n?
2, 3
Let u(h) be the first derivative of 3/2*h**2 + 5 - 4*h. What are the prime factors of u(3)?
5
Suppose -22 - 38 = 2*i. Let n = i - -38. What are the prime factors of n?
2
Let d be (36 + 0)*7/(63/6). What are the prime factors of 352/d + 2/(-3) - 2?
2, 3
Suppose -9*d + 12150 = -234. What are the prime factors of d?
2, 43
Let f be (-7)/(28/8) - 0. Let n = -2 + f. List the prime factors of 21/14 + (-26)/n.
2
Let q(j) = -102*j + 12. List the prime factors of q(-3).
2, 3, 53
Let r be (-1794)/15 + (-2)/5. What are the prime factors of (7/4)/((-5 - -3)/r)?
3, 5, 7
What are the prime factors of (-238)/136 - (-13185)/12?
1097
Let r = -9 - -12. Suppose 0 = r*b - 300 + 1098. What are the prime factors of 12/(-20) + b/(-10)?
2, 13
Let t = -27 - -13. Let o = t + 10. List the prime factors of 2*(-1)/o*26.
13
Suppose 15*h + 11921 = -6529. List the prime factors of h/(-75) - 3/(-5).
17
Suppose v - 4*i - 1407 = 0, -35*v + 2*i = -32*v - 4241. What are the prime factors of v?
5, 283
What are the prime factors of 840/(-9)*276/(-115)?
2, 7
Suppose -3*m = -b + 2984, m = 54*b - 52*b - 5963. List the prime factors of b.
11, 271
Suppose 3*k - 985 = 3*s + 2783, -2*s + 3768 = 3*k. What are the prime factors of k?
2, 157
Suppose 7*r = -6*r + 5824. What are the prime factors of r?
2, 7
Suppose 13*d + 4086 = 3*v + 9*d, -15 = 5*d. List the prime factors of v.
2, 7, 97
Let z(j) be the third derivative of j**5/60 - j**4/6 + 6*j**2. Let d be z(5). Suppose 0 = -d*v + 4*v + 32. What are the prime factors of v?
2
Suppose l + 3*a = 6*l - 3, 4*a + 4 = 0. Suppose -2*m + 6*m - 20 = l. Suppose m*i - 80 = 45. What are the prime factors of i?
5
Let m = 248 + -107. Let k = m - -43. List the prime factors of k.
2, 23
Let c(l) = -7*l**3 - 2*l**2 + 2*l. Let t be c(-3). Let y = -23 + t. List the prime factors of y.
2, 71
Let a(d) = -10*d - 15. Let w be a(-11). Suppose 2*l = 4*l + 3*y - 6, y - 2 = 0. Suppose l = -k - 4*k + w. What are the prime factors of k?
19
Let r = 1072 + -226. What are the prime factors of r?
2, 3, 47
Suppose -817*z + 826*z - 17946 = 0. What are the prime factors of z?
2, 997
Suppose 3 = -0*s + s. Suppose s*b + b - 96 = 0. List the prime factors of b.
2, 3
Let t(y) = -13*y**3 + 4*y**2 - 33*y + 6. List the prime factors of t(-7).
2, 1223
Let u = 9409 + -4481. What are the prime factors of u?
2, 7, 11
Suppose -4*t + b = -0*t - 1451, -2*t + 3*b + 733 = 0. What are the prime factors of t?
2, 181
Let d(s) be the second derivative of s**5/120 + 3*s**4/4 + s**3 + 3*s. Let u(x) be the second derivative of d(x). What are the prime factors of u(-6)?
2, 3
Let i be (-3)/(-6) - 49/(-14). Let l(z) = -5*z + 21*z - i + 0 + 7*z. List the prime factors of l(2).
2, 3, 7
Suppose 5*p - 1 = 4*u, -4*u + 0 = -3*p - 1. What are the prime factors of (-755)/(-10) + p/2?
2, 19
Let r be ((-12)/(-7))/(26/819). Suppose 4*t - 12 = 4. Suppose t*o = o + r. What are the prime factors of o?
2, 3
Suppose 2*z + 0*j = -4*j - 8, -2*j = 3*z. Suppose 0 = -4*s + 2*s + 4*k + 12, -z*s = -k + 3. Let p(a) = a**2 - 3*a - 6. List the prime factors of p(s).
2, 11
Let q be 4/30 - 43/(-15). Suppose -5*j = -0*z + q*z - 3, j = 3*z - 3. Suppose 0*o = -4*t + 4*o + 44, -4*t + 2*o + 46 = j. List the prime factors of t.
2, 3
Let u(a) = a**3 + 5*a**2 - 6*a + 1. Let p be u(-6). Let l(r) = 2*r + 0 + p - 25*r**3 - r**3 + 0*r**3. What are the prime factors of l(-1)?
5
Let a(t) be the third derivative of t**6/120 - t**5/30 + t**4/6 - t**3/3 - 5*t**2. Let n be a(3). Suppose u - n - 3 = 0. What are the prime factors of u?
2, 11
What are the prime factors of ((-9048)/(-195))/((3/10)/3)?
2, 29
Suppose 17 = 7*t + 178. Let d be (12/20)/(1/45). Let n = t + d. List the prime factors of n.
2
Suppose -3*o + 2*o = -1463. List the prime factors of o.
7, 11, 19
Suppose -4*z + 12 = -s - 13, 19 = 4*z - 3*s. Suppose 5*t + 126 = z*t. List the prime factors of t.
3, 7
Suppose 0 = 2*n - 6*n + 8. Let i be n - (-3)/(-3) - 1. Suppose i*r = -r + 3, y - 2*r - 36 = 0. List the prime factors of y.
2, 3, 7
Suppose 21 = 3*o - c, -6 = 2*o - c - 19. Let t(q) = 19*q - 33. Let u be t(2). Suppose -o - 42 = -u*l. What are the prime factors of l?
2, 5
Let d be (-2)/(-1) - 3 - -7. Let c be 636/18 - (-4)/d. Suppose -o = o - c. What are the prime factors of o?
2, 3
Suppose -369 = -4*y - 97. Suppose 5*b + 5 = -5, y = v + 3*b. What are the prime factors of v?
2, 37
Let x(v) be the first derivative of v**4/4 + 13*v**3/3 + 8*v**2 + 7*v + 26. What are the prime factors of x(-6)?
163
Suppose -2*q = -3*r - 433, 4*q = -4*r - 0*r - 604. List the prime factors of 4/3*r/(-2).
2, 7
Let r be (2*(-171)/(-5))/(27/90). Let m = -96 + r. What are the prime factors of m?
2, 3, 11
Let j(g) = 10*g - 3. Let u be j(3). Suppose 7*m = 4*m + u. Suppose 2*r = -3*h + 36 + m, 15 = -5*h. List the prime factors of r.
3
Let v = -7 - 37. Let y = 80 + v. List the prime factors of y.
2, 3
List the prime factors of 0 + 2/(-7) + 236424/168.
3, 7, 67
Let p = -74 - -76. Suppose -4*n - 184 = -2*o, -76 + 188 = o + p*n. List the prime factors of o.
2, 3, 17
Suppose -x = 2*o + 153, -o + x - 36 = 48. Let h = 26 - o. Let t = -65 + h. List the pri